ctor of 13262865?
True
Is 6562118 a multiple of 401?
False
Is 492967 a multiple of 7?
False
Is 351360 a multiple of 305?
True
Is 13 a factor of 18988996?
True
Is 20 a factor of 2494700?
True
Is 111 a factor of 25130?
False
Does 113 divide 1671868?
False
Is 27 a factor of 49285?
False
Is 17 a factor of 30107?
True
Does 7 divide 7012?
False
Is 204012 a multiple of 108?
True
Is 21 a factor of 754075?
False
Is 65 a factor of 1730300?
True
Is 17 a factor of 885718?
False
Is 529176 a multiple of 51?
True
Is 717318 a multiple of 6?
True
Is 13 a factor of 431781?
False
Is 41 a factor of 8947459?
False
Does 44 divide 5814908?
True
Does 23 divide 2113907?
True
Is 6 a factor of 275732?
False
Is 8232 a multiple of 98?
True
Is 12855255 a multiple of 150?
False
Is 10 a factor of 102930?
True
Does 190 divide 9331110?
False
Is 88 a factor of 641170?
False
Is 18 a factor of 36833?
False
Does 257 divide 1809092?
False
Is 1142064 a multiple of 1232?
True
Is 231 a factor of 117376?
False
Is 53621 a multiple of 4?
False
Is 2844282 a multiple of 42?
True
Is 22795 a multiple of 14?
False
Does 620 divide 11797980?
True
Is 60512 a multiple of 61?
True
Is 74538 a multiple of 101?
True
Is 367 a factor of 9753759?
True
Does 22 divide 7678403?
False
Does 14 divide 76145?
False
Does 17 divide 1444952?
False
Does 79 divide 30851527?
False
Is 9430560 a multiple of 480?
True
Is 103928 a multiple of 22?
True
Is 10362 a multiple of 42?
False
Does 26 divide 714427?
False
Does 10 divide 4169452?
False
Is 1558912 a multiple of 8?
True
Does 85 divide 716465?
True
Is 1359413 a multiple of 302?
False
Is 346530 a multiple of 10?
True
Is 24 a factor of 579528?
True
Does 61 divide 321995?
False
Does 671 divide 7073530?
False
Does 11 divide 682305?
False
Does 154 divide 9916606?
False
Is 376083 a multiple of 9?
True
Is 420 a factor of 389340?
True
Is 126505 a multiple of 27?
False
Is 6 a factor of 3408595?
False
Is 307800 a multiple of 54?
True
Is 615108 a multiple of 299?
False
Is 16 a factor of 601361?
False
Is 420 a factor of 138670?
False
Is 192100 a multiple of 89?
False
Does 700 divide 436100?
True
Is 14348520 a multiple of 9?
True
Does 34 divide 9367340?
True
Does 25 divide 28867?
False
Does 11 divide 77254?
False
Does 146 divide 991646?
False
Does 33 divide 707032?
False
Is 18 a factor of 66906?
True
Is 221960 a multiple of 5?
True
Is 992 a factor of 1903272?
False
Does 42 divide 259980?
True
Does 25 divide 190250?
True
Does 368 divide 1525728?
True
Is 1495699 a multiple of 12?
False
Does 6 divide 1050599?
False
Does 15 divide 6665355?
True
Does 99 divide 6138?
True
Is 52 a factor of 6254473?
False
Is 18 a factor of 1835945?
False
Is 594826 a multiple of 419?
False
Is 10125921 a multiple of 21?
False
Does 464 divide 4728160?
True
Does 63 divide 3993066?
True
Does 134 divide 31845?
False
Is 6846512 a multiple of 68?
True
Is 4 a factor of 189691?
False
Is 56 a factor of 7967?
False
Is 23 a factor of 1184709?
False
Is 16 a factor of 291052?
False
Is 8 a factor of 3594?
False
Does 433 divide 2069531?
False
Is 22 a factor of 3626633?
False
Does 773 divide 5134266?
True
Is 6064193 a multiple of 89?
True
Is 2628060 a multiple of 5?
True
Is 160 a factor of 688480?
True
Is 4619746 a multiple of 15?
False
Is 471261 a multiple of 7?
True
Is 3088899 a multiple of 52?
False
Is 25 a factor of 8173656?
False
Is 292656 a multiple of 28?
True
Is 49185 a multiple of 9?
True
Is 629 a factor of 182848?
False
Is 654269 a multiple of 77?
True
Is 19 a factor of 311410?
True
Is 4 a factor of 2230196?
True
Is 146383 a multiple of 15?
False
Does 232 divide 378160?
True
Does 6 divide 2845?
False
Is 661 a factor of 1218223?
True
Is 45499 a multiple of 32?
False
Is 12 a factor of 135322?
False
Does 304 divide 135584?
True
Is 131140 a multiple of 20?
True
Is 5 a factor of 3365868?
False
Does 621 divide 1049494?
False
Is 74 a factor of 134809?
False
Is 87 a factor of 959351?
False
Does 529 divide 14158024?
False
Is 288 a factor of 1944014?
False
Does 2 divide 107383?
False
Does 16 divide 137648?
True
Is 156 a factor of 1081958?
False
Is 26 a factor of 115102?
True
Does 19 divide 309594?
False
Is 20 a factor of 3463620?
True
Is 7 a factor of 9505106?
False
Does 65 divide 209690?
True
Does 23 divide 216311?
False
Does 123 divide 305655?
True
Does 15 divide 13891935?
True
Is 4388832 a multiple of 32?
True
Is 1201325 a multiple of 180?
False
Is 67932 a multiple of 111?
True
Does 683 divide 802525?
True
Is 476 a factor of 768264?
True
Is 4 a factor of 374252?
True
Does 27 divide 215679?
False
Is 14 a factor of 6860?
True
Is 368333 a multiple of 10?
False
Is 96 a factor of 23481?
False
Is 617923 a multiple of 115?
False
Does 19 divide 68229?
True
Does 723 divide 4429098?
True
Is 276 a factor of 14904?
True
Does 248 divide 3683048?
True
Does 32 divide 51392?
True
Is 501 a factor of 403305?
True
Is 6 a factor of 72392?
False
Is 7 a factor of 2032?
False
Does 38 divide 168340?
True
Is 123648 a multiple of 107?
False
Does 77 divide 35268?
False
Does 123 divide 6273?
True
Does 14 divide 179900?
True
Is 145314 a multiple of 27?
True
Does 26 divide 684007?
False
Is 644106 a multiple of 10?
False
Does 32 divide 207712?
True
Does 112 divide 454608?
True
Does 146 divide 37301?
False
Does 479 divide 490178?
False
Is 43383 a multiple of 34?
False
Is 27 a factor of 377423?
False
Is 47 a factor of 4446200?
True
Does 449 divide 16338931?
False
Is 75 a factor of 119475?
True
Is 5 a factor of 84953?
False
Is 16 a factor of 13108?
False
Is 34 a factor of 1437826?
True
Does 238 divide 520268?
True
Is 1690816 a multiple of 32?
True
Is 17324067 a multiple of 1991?
False
Does 12 divide 74568?
True
Does 46 divide 198339?
False
Is 31 a factor of 19103378?
True
Does 956 divide 1836649?
False
Is 10 a factor of 533883?
False
Does 186 divide 199020?
True
Is 879406 a multiple of 7?
False
Is 9396 a multiple of 7?
False
Is 518 a factor of 2342463?
False
Does 53 divide 338004?
False
Is 9243951 a multiple of 167?
True
Is 29750 a multiple of 35?
True
Is 441342 a multiple of 198?
True
Is 19 a factor of 2236756?
True
Is 649110 a multiple of 207?
False
Does 7 divide 14991?
False
Does 4 divide 42207?
False
Is 220 a factor of 55000?
True
Does 387 divide 145512?
True
Does 281 divide 523784?
True
Does 23 divide 78134?
False
Is 16 a factor of 1870176?
True
Is 554 a factor of 697791?
False
Does 32 divide 121063?
False
Is 111705 a multiple of 55?
True
Is 12496 a multiple of 257?
False
Is 479450 a multiple of 12?
False
Does 3 divide 312947?
False
Does 356 divide 173171?
False
Is 7950390 a multiple of 1445?
True
Is 115 a factor of 53705?
True
Is 460984 a multiple of 9?
False
Is 78552 a multiple of 2?
True
Does 91 divide 2243423?
True
Is 9 a factor of 213255?
True
Does 3 divide 1130720?
False
Is 10 a factor of 1044301?
False
Does 14 divide 7715176?
True
Is 622 a multiple of 3?
False
Is 1386700 a multiple of 10?
True
Is 15 a factor of 7961160?
True
Is 87 a factor of 84334?
False
Is 641 a factor of 12395017?
True
Does 23 divide 2116092?
True
Is 90326 a multiple of 19?
True
Does 110 divide 134868?
False
Is 1916048 a multiple of 26?
False
Is 593 a factor of 3219397?
True
Is 6563369 a multiple of 229?
True
Does 5 divide 20664?
False
Does 265 divide 3715035?
True
Is 23 a factor of 1376444?
False
Is 12 a factor of 510240?
True
Is 27453 a multiple of 26?
False
Is 5901165 a multiple of 15?
True
Is 62 a factor of 28601036?
False
Is 180 a factor of 5093493?
False
Does 379 divide 3354140?
False
Does 689 divide 677060?
False
Does 145 divide 3966819?
False
Is 321 a factor of 11342802?
False
Is 61 a factor of 436394?
True
Is 13 a factor of 1534585?
True
Is 149343 a multiple of 166?
False
Is 7 a factor of 506352?
True
Does 158 divide 120080?
True
Is 122 a factor of 39691?
False
Does 5 divide 1040?
True
Does 5 divide 23135?
True
Is 342745 a multiple of 65?
True
Is 4080098 a multiple of 418?
True
Is 12 a factor of 5181627?
False
Is 167440 a multiple of 26?
True
Does 9 divide 96066?
True
Is 186 a factor of 4928628?
True
Does 9 divide 57392?
False
Is 15 a factor of 5047753?
False
Is 22 a factor of 127283?
False
Is 2429887 a multiple of 22?
False
Is 2438 a factor of 10724248?
False
Does 426 divide 3718187?
False
Is 5 a factor of 353782?
False
Is 1570955 a multiple of 40?
False
